e the remainder when q is divided by d.
1
Let z(r) = 4*r**2 + 7*r - 2. Calculate the remainder when z(6) is divided by 31.
29
Let g(a) = 9*a - 26. Let f = 31 - 16. Calculate the remainder when g(6) is divided by f.
13
Let q = 81 - -23. Calculate the remainder when q is divided by 35.
34
Let x(j) = j**3 + 14*j**2 - 17*j - 17. Calculate the remainder when x(-15) is divided by (-2 - -1)*(-8)/2.
1
Let a = 63 + -33. What is the remainder when a is divided by 17?
13
Let j(q) = -q**3 + 9*q**2 + 11*q + 5. Calculate the remainder when 73 is divided by j(10).
13
Let w(n) = 3*n + 2. Suppose 26*d - 128 = 22*d. Calculate the remainder when d is divided by w(3).
10
Suppose -20 = -5*z - 0*z. Suppose s = -2*f + 7*f - 18, 3*f - z*s = 21. What is the remainder when 1 - 3/((-6)/8) is divided by f?
2
Let o = -30 + 46. Let m be 2/(-1*2/(-5)). Suppose 0 = -m*x + 4*v + 34, -3*v - v - 28 = -4*x. What is the remainder when o is divided by x?
4
Let d(q) = -2*q**3 + 9*q**2 - 11*q - 17. Let u(h) = -h**3 + 5*h**2 - 5*h - 8. Let i(f) = 2*d(f) - 5*u(f). What is the remainder when 79 is divided by i(7)?
25
Suppose -y + 12 + 39 = 0. Let q = -26 + y. What is the remainder when q is divided by 13?
12
Suppose v - 280 = -3*v. Calculate the remainder when v is divided by 18.
16
Let r(m) = -6*m + 2. Calculate the remainder when 30 is divided by r(-1).
6
Let i be 8*(2 - 34/(-8)). Suppose -150 = -6*w + w. Let f = i - w. Calculate the remainder when f is divided by 11.
9
Let t(c) = 16*c**2 + 1. Calculate the remainder when t(1) is divided by (5 - -1*2) + -2.
2
Let y(c) = -2*c**3 - 3*c - 1. What is the remainder when y(-3) is divided by 22?
18
Let h be -8 - (0 - -1 - -1). Let b = 62 - 20. Calculate the remainder when b is divided by (h/30)/((-1)/45).
12
Let d = -38 + 41. What is the remainder when 8 is divided by d?
2
Suppose -w - 28 = -3*w. What is the remainder when w is divided by (-6)/21 + 37/7?
4
Let i(n) = -n**3 + 7*n**2 - 4*n + 6. Let x be i(6). Let o = x - -9. Calculate the remainder when o is divided by 14.
13
Let x(a) = -a + 7. Let n be x(10). Let m = n - -10. Calculate the remainder when 27 is divided by m.
6
Suppose 6 = -2*a - 0*a. Let z(t) be the third derivative of t**5/60 - t**4/12 - t**3/3 - 3*t**2. Calculate the remainder when z(a) is divided by 5.
3
Suppose -v + l + 15 = 0, 3*v + 4*l = -0*l + 59. What is the remainder when 31 is divided by v?
14
Let l = 302 + -485. Calculate the remainder when ((-18)/(-27))/((-2)/l) is divided by 21.
19
Let t(x) = 4*x**2 + 2*x - 2. Calculate the remainder when 28 is divided by t(-2).
8
Let l(h) = h**2 - 7*h + 4. What is the remainder when 47 is divided by l(8)?
11
Suppose -l + 8 = -20. Suppose 4 = -2*n - l. Calculate the remainder when n*1/(-2)*5 is divided by 14.
12
Let c(a) = 3*a**2 - 2*a. What is the remainder when 144 is divided by c(3)?
18
Suppose -2*v + 138 = -4*v. Let m = v - -196. Let d = m + -84. Calculate the remainder when d is divided by 15.
13
Let t be (-3 - (-2 + -2)) + -1. Let x(a) = a**3 - a**2 + 23. What is the remainder when 88 is divided by x(t)?
19
Let k be 3 - -1 - (1 - -3). Suppose k*v + v - 88 = 0. What is the remainder when v is divided by 23?
19
Let f = -24 - -43. Calculate the remainder when f is divided by 7.
5
Let l = 22 + -16. Suppose -43 = -3*z - 16. Let y = z - 5. Calculate the remainder when l is divided by y.
2
Let f = -16 - -32. Calculate the remainder when 30 is divided by f.
14
Suppose 0 = -g + 4*g - 12. Suppose -2*u + 2*r + 39 = -3*r, u + g*r + 13 = 0. What is the remainder when (-595)/(-45) + (-4)/18 is divided by u?
6
Suppose 2*q - 68 = -r + 4*q, 4*r = -3*q + 283. What is the remainder when 4/(-6) + r/6 is divided by 2?
1
Let v(o) = -o - 9. Let n be v(-5). Let p(w) = -w**2 - 5*w + 8. What is the remainder when p(-6) is divided by 16/10 - n/10?
0
Let p(w) = -14*w - 8. Let d be p(-3). Let q be 20 + -1*(3 - 2). Let t = d - q. Calculate the remainder when 29 is divided by t.
14
Let s(d) = -7*d - 2. Let q(t) = -13*t - 4. Let f(o) = -6*q(o) + 11*s(o). Let b be f(-8). What is the remainder when 15 is divided by 34/4 + (-3)/b?
6
Let g = -33 - -53. Calculate the remainder when g is divided by 7.
6
Suppose 25*z - 18*z = 350. What is the remainder when 149 is divided by z?
49
Let j = 14 - -4. Let v = j - 12. What is the remainder when v is divided by 2?
0
Suppose 0 = 5*a - 3*h - 15 - 12, -h = 4. Suppose 5 = a*i - 2*i. Let n(b) = -14*b**3 - b - 1. What is the remainder when n(-1) is divided by i?
4
Let m = 215 - 128. Calculate the remainder when m is divided by 30.
27
Let l(m) = 7*m + 3. Let c be l(-2). Let s = -6 - c. Suppose -3*u = 5*k - 224 + 11, 0 = k - s*u - 65. What is the remainder when k is divided by 12?
9
Let g(r) = 2*r**2 - r - 4. Let x be g(4). Suppose 3*i + 1 = l + x, -2*i + 4*l = -12. What is the remainder when 28 is divided by i?
4
Let k be 0/(3 - (-4 + 9)). Let t(w) be the second derivative of w**4/12 + 10*w**2 + w. Calculate the remainder when t(k) is divided by 7.
6
Let w(k) = k**2 + 3*k + 2. Let t = -6 + 6. Suppose y = 3*u + 20, 4*y - 15 = -u - t. Calculate the remainder when 22 is divided by w(u).
10
Let f = 8 + 4. Calculate the remainder when 22 is divided by f.
10
Let m = 182 - 177. Calculate the remainder when m is divided by 4.
1
Suppose -6 + 2 = -s. Suppose 4*g - k - 54 = 0, -68 = -4*g - g + k. What is the remainder when g is divided by s?
2
Suppose -18*d + 22*d = 44. What is the remainder when d is divided by (4/(-5))/((-1)/5)?
3
Let l = -5 + 21. Suppose l = -2*o - 2*o + 4*m, 8 = 3*o + 2*m. Calculate the remainder when (-27)/(1 - (o + 2)) is divided by 14.
13
Suppose -m + 3 = -a, 5*a - 22 = -3*m + 3. Calculate the remainder when 17 is divided by m.
2
Let j = 39 + -23. What is the remainder when 47 is divided by j?
15
Let a(j) = 2*j + 24. Calculate the remainder when a(0) is divided by 9.
6
Let c = -73 - -77. Suppose y - 4*m + 17 = 0, -3*m + 44 = -3*y + 11. Let s = y - -20. What is the remainder when s is divided by c?
3
Let b = 7 + -4. Suppose -4*n = 4*h - 20, 2*h + n + b = 3*h. What is the remainder when 11 is divided by h?
3
What is the remainder when (-1)/(-2)*30 + -1 is divided by 5?
4
Let h(t) = t**3 + t + 2. Let a be h(0). Suppose -2*g = 2*g + a*s - 78, -33 = -2*g + s. Calculate the remainder when 69 is divided by g.
15
Suppose -2*z - 12 = -28. Let j = 7 + -4. Calculate the remainder when z is divided by j.
2
Let t be (-360)/(-84) - 4/14. Suppose t*u = -4*h - h + 200, -100 = -2*u + 2*h. Calculate the remainder when u is divided by 13.
11
Let b(z) = z**3 + 6*z**2 + 4*z + 4. Calculate the remainder when b(-3) is divided by 7.
5
Suppose -6 = -3*n + 21. Let a = 6 + -6. Suppose -g + 5 = -a. Calculate the remainder when n is divided by g.
4
Suppose 94 = 3*n - 53. Calculate the remainder when n is divided by 14.
7
Let l = 51 + -48. Calculate the remainder when l is divided by 6/2*2/2.
0
Let u(v) = -2*v - 7. Let f be u(-6). Suppose -f*z = -4*h - 19, -5*z + 4*h + 27 = 2*h. Calculate the remainder when 26 is divided by z.
5
Let m = -8 + 27. Suppose -4*j - m = 3*y - 120, -3*j + 2*y + 97 = 0. What is the remainder when 56 is divided by j?
27
Suppose -n + 25 = -4*m, 5*n - 13 = 3*m + 44. Calculate the remainder when 16 is divided by n.
7
Let p(x) = x**3 + 8*x**2 + x - 4. Let o be p(-7). Suppose 2*y - 2 = -o. Let g = y - -32. Calculate the remainder when g is divided by 5.
4
Suppose 68 = -2*a + 6*a. Suppose -34 = -7*l + 29. Calculate the remainder when a is divided by l.
8
Suppose -4*f - 3*y = y - 100, -121 = -5*f - 3*y. Calculate the remainder when f is divided by 8.
7
Let k(m) = m**3 - 10*m**2 - m + 12. Let o be k(10). Suppose -51 = -3*h - 4*t, o*t = -2*t. What is the remainder when 50 is divided by h?
16
Let m = 122 - 1. Calculate the remainder when m is divided by 31.
28
Suppose 0 = -5*w, 3*x - w = -0*x + 9. Suppose -4*b + 2*n + 6 = 0, -5*n + 10 = -3*n. Suppose 0 = -x*z + 2 + b. What is the remainder when z is divided by 1?
0
Let g be 2/((-4)/(1*-4)). Suppose 13 = g*k - k. What is the remainder when 48 - (0 + -1 + 0) is divided by k?
10
Suppose -2*a + 7 + 14 = h, 0 = -h - 5*a + 27. Let i(q) = q**2 - 5*q - 3. Let k be i(5). Let l(p) = -11*p - 1. What is the remainder when l(k) is divided by h?
15
Let c(x) = x**3 + 18*x**2 - 3*x - 43. What is the remainder when c(-18) is divided by 4?